{"id":5465,"date":"2026-04-12T19:11:55","date_gmt":"2026-04-12T22:11:55","guid":{"rendered":"https:\/\/capsexpress.com.br\/blog\/?page_id=5465"},"modified":"2026-04-12T19:56:46","modified_gmt":"2026-04-12T22:56:46","slug":"nosso-foco-e-outro","status":"publish","type":"page","link":"https:\/\/capsexpress.com.br\/blog\/nosso-foco-e-outro\/","title":{"rendered":"Nosso foco agora \u00e9 outro"},"content":{"rendered":"\n<p>Caro usu\u00e1rio, se voc\u00ea chegou at\u00e9 esta p\u00e1gina \u00e9 porque tentou acessar um conte\u00fado que n\u00e3o faz mais parte do nosso foco atual. Nosso foco agora \u00e9 outro: Mercado de suplementos e como crescer neste setor<\/p>\n\n\n\n<p>A Capsexpress \u00e9 uma empresa especializada na fabrica\u00e7\u00e3o de suplementos para empreendedores que desejam criar sua pr\u00f3pria marca. Atuamos com estrutura profissional e suporte completo em todo o processo de desenvolvimento de encapsulados, atendendo clientes no Brasil e no exterior.<\/p>\n\n\n\n<p>Ao longo dos anos, produzimos conte\u00fados sobre diferentes temas do mercado digital. No entanto, entendemos que nosso maior valor est\u00e1 no mercado de suplementos, \u00e1rea na qual concentramos nossa expertise e atua\u00e7\u00e3o principal.<\/p>\n\n\n\n<p>O mercado evoluiu, o comportamento dos consumidores mudou e acompanhamos de perto essas transforma\u00e7\u00f5es. Por isso, hoje nosso foco \u00e9 ajudar empreendedores a desenvolver e escalar marcas pr\u00f3prias de suplementos com mais seguran\u00e7a, estrat\u00e9gia e suporte em todas as etapas do processo, desde a formula\u00e7\u00e3o at\u00e9 a produ\u00e7\u00e3o.<\/p>\n\n\n\n<p><strong>Agradecemos pela sua visita e compreens\u00e3o. Muito obrigado!<\/strong> <\/p>\n\n\n\n<p>Seguimos firmes no que mais dominamos, o mercado de suplementos!<\/p>\n\n\n\n<figure class=\"wp-block-embed aligncenter is-type-video is-provider-youtube wp-block-embed-youtube wp-embed-aspect-16-9 wp-has-aspect-ratio\"><div class=\"wp-block-embed__wrapper\">\n<iframe title=\"Somos o time Capsexpress!\" width=\"500\" height=\"281\" src=\"https:\/\/www.youtube.com\/embed\/nPf2h0wOKyI?feature=oembed\" frameborder=\"0\" allow=\"accelerometer; autoplay; clipboard-write; encrypted-media; gyroscope; picture-in-picture; web-share\" referrerpolicy=\"strict-origin-when-cross-origin\" allowfullscreen><\/iframe>\n<\/div><\/figure>\n\n\n\n<div style=\"height:20px\" aria-hidden=\"true\" class=\"wp-block-spacer\"><\/div>\n\n\n\n<div class=\"wp-block-buttons alignwide is-content-justification-center is-layout-flex wp-container-core-buttons-is-layout-a89b3969 wp-block-buttons-is-layout-flex\">\n<div class=\"wp-block-button\"><a class=\"wp-block-button__link has-text-align-center wp-element-button\" href=\"http:\/\/capsexpress.com.br\">CONHE\u00c7A NOSSO SITE E O QUE TEMOS PARA OFERECER DE MELHOR!<\/a><\/div>\n<\/div>\n\n\n\n<h2 class=\"wp-block-heading\">Conte\u00fados que n\u00e3o s\u00e3o mais o nosso foco:<\/h2>\n\n\n\n<ul class=\"wp-block-list\">\n<li>capsexpress.com.br\/blog\/capscast-dropshipping-x-encapsulado-qual-e-o-melhor-para-quem-esta-comecando-feat-gabriel-souza\/<\/li>\n\n\n\n<li>capsexpress.com.br\/blog\/aumentar-vendas-dropshipping\/<\/li>\n\n\n\n<li>capsexpress.com.br\/blog\/como-nao-perder-dinheiro-no-dropshipping-nacional\/<\/li>\n\n\n\n<li>capsexpress.com.br\/blog\/dropshiping-nacional-foco-nas-vendas-e-lucro\/<\/li>\n\n\n\n<li>capsexpress.com.br\/blog\/dropshipping-nacional-6-orientacoes-para-possuir-um-bom-ecommerce\/<\/li>\n\n\n\n<li>capsexpress.com.br\/blog\/marketing-para-dropshipping-nacional\/<\/li>\n\n\n\n<li>capsexpress.com.br\/blog\/melhores-nichos-comecar-dropshipping\/<\/li>\n\n\n\n<li>https:\/\/capsexpress.com.br\/blog\/vantagens-do-dropshipping\/<\/li>\n\n\n\n<li>https:\/\/capsexpress.com.br\/blog\/veja-as-vantagens-e-desvantagens-do-dropshipping-nacional\/<\/li>\n<\/ul>\n\n\n\n<div class=\"wp-block-buttons alignwide is-content-justification-center is-layout-flex wp-container-core-buttons-is-layout-a89b3969 wp-block-buttons-is-layout-flex\"><\/div>\n","protected":false},"excerpt":{"rendered":"<p>Caro usu\u00e1rio, se voc\u00ea chegou at\u00e9 esta p\u00e1gina \u00e9 porque tentou acessar um conte\u00fado que n\u00e3o faz mais parte do [&hellip;]<\/p>\n","protected":false},"author":8,"featured_media":0,"parent":0,"menu_order":0,"comment_status":"closed","ping_status":"closed","template":"","meta":{"site-sidebar-layout":"default","site-content-layout":"","ast-site-content-layout":"default","site-content-style":"default","site-sidebar-style":"default","ast-global-header-display":"","ast-banner-title-visibility":"","ast-main-header-display":"","ast-hfb-above-header-display":"","ast-hfb-below-header-display":"","ast-hfb-mobile-header-display":"","site-post-title":"","ast-breadcrumbs-content":"","ast-featured-img":"","footer-sml-layout":"","ast-disable-related-posts":"","theme-transparent-header-meta":"","adv-header-id-meta":"","stick-header-meta":"","header-above-stick-meta":"","header-main-stick-meta":"","header-below-stick-meta":"","astra-migrate-meta-layouts":"default","ast-page-background-enabled":"default","ast-page-background-meta":{"desktop":{"background-color":"var(--ast-global-color-4)","background-image":"","background-repeat":"repeat","background-position":"center center","background-size":"auto","background-attachment":"scroll","background-type":"","background-media":"","overlay-type":"","overlay-color":"","overlay-opacity":"","overlay-gradient":""},"tablet":{"background-color":"","background-image":"","background-repeat":"repeat","background-position":"center center","background-size":"auto","background-attachment":"scroll","background-type":"","background-media":"","overlay-type":"","overlay-color":"","overlay-opacity":"","overlay-gradient":""},"mobile":{"background-color":"","background-image":"","background-repeat":"repeat","background-position":"center center","background-size":"auto","background-attachment":"scroll","background-type":"","background-media":"","overlay-type":"","overlay-color":"","overlay-opacity":"","overlay-gradient":""}},"ast-content-background-meta":{"desktop":{"background-color":"var(--ast-global-color-5)","background-image":"","background-repeat":"repeat","background-position":"center center","background-size":"auto","background-attachment":"scroll","background-type":"","background-media":"","overlay-type":"","overlay-color":"","overlay-opacity":"","overlay-gradient":""},"tablet":{"background-color":"var(--ast-global-color-5)","background-image":"","background-repeat":"repeat","background-position":"center center","background-size":"auto","background-attachment":"scroll","background-type":"","background-media":"","overlay-type":"","overlay-color":"","overlay-opacity":"","overlay-gradient":""},"mobile":{"background-color":"var(--ast-global-color-5)","background-image":"","background-repeat":"repeat","background-position":"center center","background-size":"auto","background-attachment":"scroll","background-type":"","background-media":"","overlay-type":"","overlay-color":"","overlay-opacity":"","overlay-gradient":""}},"footnotes":""},"class_list":["post-5465","page","type-page","status-publish","hentry"],"yoast_head":"<!-- This site is optimized with the Yoast SEO plugin v27.3 - https:\/\/yoast.com\/product\/yoast-seo-wordpress\/ -->\n<title>Nosso foco agora \u00e9 outro<\/title>\n<meta name=\"robots\" content=\"index, follow, max-snippet:-1, max-image-preview:large, max-video-preview:-1\" \/>\n<link rel=\"canonical\" href=\"https:\/\/capsexpress.com.br\/blog\/nosso-foco-e-outro\/\" \/>\n<meta property=\"og:locale\" content=\"pt_BR\" \/>\n<meta property=\"og:type\" content=\"article\" \/>\n<meta property=\"og:title\" content=\"Nosso foco agora \u00e9 outro\" \/>\n<meta property=\"og:description\" content=\"Caro usu\u00e1rio, se voc\u00ea chegou at\u00e9 esta p\u00e1gina \u00e9 porque tentou acessar um conte\u00fado que n\u00e3o faz mais parte do [&hellip;]\" \/>\n<meta property=\"og:url\" content=\"https:\/\/capsexpress.com.br\/blog\/nosso-foco-e-outro\/\" \/>\n<meta property=\"og:site_name\" content=\"Capsexpress\" \/>\n<meta property=\"article:publisher\" content=\"https:\/\/www.facebook.com\/CapsExpressBRA\/\" \/>\n<meta property=\"article:modified_time\" content=\"2026-04-12T22:56:46+00:00\" \/>\n<meta name=\"twitter:card\" content=\"summary_large_image\" \/>\n<meta name=\"twitter:label1\" content=\"Est. tempo de leitura\" \/>\n\t<meta name=\"twitter:data1\" content=\"2 minutos\" \/>\n<script type=\"application\/ld+json\" class=\"yoast-schema-graph\">{\"@context\":\"https:\\\/\\\/schema.org\",\"@graph\":[{\"@type\":\"WebPage\",\"@id\":\"https:\\\/\\\/capsexpress.com.br\\\/blog\\\/nosso-foco-e-outro\\\/\",\"url\":\"https:\\\/\\\/capsexpress.com.br\\\/blog\\\/nosso-foco-e-outro\\\/\",\"name\":\"Nosso foco agora \u00e9 outro\",\"isPartOf\":{\"@id\":\"https:\\\/\\\/capsexpress.com.br\\\/blog\\\/#website\"},\"datePublished\":\"2026-04-12T22:11:55+00:00\",\"dateModified\":\"2026-04-12T22:56:46+00:00\",\"breadcrumb\":{\"@id\":\"https:\\\/\\\/capsexpress.com.br\\\/blog\\\/nosso-foco-e-outro\\\/#breadcrumb\"},\"inLanguage\":\"pt-BR\",\"potentialAction\":[{\"@type\":\"ReadAction\",\"target\":[\"https:\\\/\\\/capsexpress.com.br\\\/blog\\\/nosso-foco-e-outro\\\/\"]}]},{\"@type\":\"BreadcrumbList\",\"@id\":\"https:\\\/\\\/capsexpress.com.br\\\/blog\\\/nosso-foco-e-outro\\\/#breadcrumb\",\"itemListElement\":[{\"@type\":\"ListItem\",\"position\":1,\"name\":\"In\u00edcio\",\"item\":\"https:\\\/\\\/capsexpress.com.br\\\/blog\\\/\"},{\"@type\":\"ListItem\",\"position\":2,\"name\":\"Nosso foco agora \u00e9 outro\"}]},{\"@type\":\"WebSite\",\"@id\":\"https:\\\/\\\/capsexpress.com.br\\\/blog\\\/#website\",\"url\":\"https:\\\/\\\/capsexpress.com.br\\\/blog\\\/\",\"name\":\"Capsexpress\",\"description\":\"Suplementos e solu\u00e7\u00f5es para marca pr\u00f3pria\",\"publisher\":{\"@id\":\"https:\\\/\\\/capsexpress.com.br\\\/blog\\\/#organization\"},\"potentialAction\":[{\"@type\":\"SearchAction\",\"target\":{\"@type\":\"EntryPoint\",\"urlTemplate\":\"https:\\\/\\\/capsexpress.com.br\\\/blog\\\/?s={search_term_string}\"},\"query-input\":{\"@type\":\"PropertyValueSpecification\",\"valueRequired\":true,\"valueName\":\"search_term_string\"}}],\"inLanguage\":\"pt-BR\"},{\"@type\":\"Organization\",\"@id\":\"https:\\\/\\\/capsexpress.com.br\\\/blog\\\/#organization\",\"name\":\"CapsExpress\",\"url\":\"https:\\\/\\\/capsexpress.com.br\\\/blog\\\/\",\"logo\":{\"@type\":\"ImageObject\",\"inLanguage\":\"pt-BR\",\"@id\":\"https:\\\/\\\/capsexpress.com.br\\\/blog\\\/#\\\/schema\\\/logo\\\/image\\\/\",\"url\":\"https:\\\/\\\/capsexpress.com.br\\\/blog\\\/wp-content\\\/uploads\\\/2019\\\/08\\\/capsexpresslogo.png\",\"contentUrl\":\"https:\\\/\\\/capsexpress.com.br\\\/blog\\\/wp-content\\\/uploads\\\/2019\\\/08\\\/capsexpresslogo.png\",\"width\":230,\"height\":90,\"caption\":\"CapsExpress\"},\"image\":{\"@id\":\"https:\\\/\\\/capsexpress.com.br\\\/blog\\\/#\\\/schema\\\/logo\\\/image\\\/\"},\"sameAs\":[\"https:\\\/\\\/www.facebook.com\\\/CapsExpressBRA\\\/\",\"https:\\\/\\\/www.instagram.com\\\/capsexpressbra\\\/\",\"https:\\\/\\\/www.youtube.com\\\/Capsexpress\"]}]}<\/script>\n<!-- \/ Yoast SEO plugin. -->","yoast_head_json":{"title":"Nosso foco agora \u00e9 outro","robots":{"index":"index","follow":"follow","max-snippet":"max-snippet:-1","max-image-preview":"max-image-preview:large","max-video-preview":"max-video-preview:-1"},"canonical":"https:\/\/capsexpress.com.br\/blog\/nosso-foco-e-outro\/","og_locale":"pt_BR","og_type":"article","og_title":"Nosso foco agora \u00e9 outro","og_description":"Caro usu\u00e1rio, se voc\u00ea chegou at\u00e9 esta p\u00e1gina \u00e9 porque tentou acessar um conte\u00fado que n\u00e3o faz mais parte do [&hellip;]","og_url":"https:\/\/capsexpress.com.br\/blog\/nosso-foco-e-outro\/","og_site_name":"Capsexpress","article_publisher":"https:\/\/www.facebook.com\/CapsExpressBRA\/","article_modified_time":"2026-04-12T22:56:46+00:00","twitter_card":"summary_large_image","twitter_misc":{"Est. tempo de leitura":"2 minutos"},"schema":{"@context":"https:\/\/schema.org","@graph":[{"@type":"WebPage","@id":"https:\/\/capsexpress.com.br\/blog\/nosso-foco-e-outro\/","url":"https:\/\/capsexpress.com.br\/blog\/nosso-foco-e-outro\/","name":"Nosso foco agora \u00e9 outro","isPartOf":{"@id":"https:\/\/capsexpress.com.br\/blog\/#website"},"datePublished":"2026-04-12T22:11:55+00:00","dateModified":"2026-04-12T22:56:46+00:00","breadcrumb":{"@id":"https:\/\/capsexpress.com.br\/blog\/nosso-foco-e-outro\/#breadcrumb"},"inLanguage":"pt-BR","potentialAction":[{"@type":"ReadAction","target":["https:\/\/capsexpress.com.br\/blog\/nosso-foco-e-outro\/"]}]},{"@type":"BreadcrumbList","@id":"https:\/\/capsexpress.com.br\/blog\/nosso-foco-e-outro\/#breadcrumb","itemListElement":[{"@type":"ListItem","position":1,"name":"In\u00edcio","item":"https:\/\/capsexpress.com.br\/blog\/"},{"@type":"ListItem","position":2,"name":"Nosso foco agora \u00e9 outro"}]},{"@type":"WebSite","@id":"https:\/\/capsexpress.com.br\/blog\/#website","url":"https:\/\/capsexpress.com.br\/blog\/","name":"Capsexpress","description":"Suplementos e solu\u00e7\u00f5es para marca pr\u00f3pria","publisher":{"@id":"https:\/\/capsexpress.com.br\/blog\/#organization"},"potentialAction":[{"@type":"SearchAction","target":{"@type":"EntryPoint","urlTemplate":"https:\/\/capsexpress.com.br\/blog\/?s={search_term_string}"},"query-input":{"@type":"PropertyValueSpecification","valueRequired":true,"valueName":"search_term_string"}}],"inLanguage":"pt-BR"},{"@type":"Organization","@id":"https:\/\/capsexpress.com.br\/blog\/#organization","name":"CapsExpress","url":"https:\/\/capsexpress.com.br\/blog\/","logo":{"@type":"ImageObject","inLanguage":"pt-BR","@id":"https:\/\/capsexpress.com.br\/blog\/#\/schema\/logo\/image\/","url":"https:\/\/capsexpress.com.br\/blog\/wp-content\/uploads\/2019\/08\/capsexpresslogo.png","contentUrl":"https:\/\/capsexpress.com.br\/blog\/wp-content\/uploads\/2019\/08\/capsexpresslogo.png","width":230,"height":90,"caption":"CapsExpress"},"image":{"@id":"https:\/\/capsexpress.com.br\/blog\/#\/schema\/logo\/image\/"},"sameAs":["https:\/\/www.facebook.com\/CapsExpressBRA\/","https:\/\/www.instagram.com\/capsexpressbra\/","https:\/\/www.youtube.com\/Capsexpress"]}]}},"_links":{"self":[{"href":"https:\/\/capsexpress.com.br\/blog\/wp-json\/wp\/v2\/pages\/5465","targetHints":{"allow":["GET"]}}],"collection":[{"href":"https:\/\/capsexpress.com.br\/blog\/wp-json\/wp\/v2\/pages"}],"about":[{"href":"https:\/\/capsexpress.com.br\/blog\/wp-json\/wp\/v2\/types\/page"}],"author":[{"embeddable":true,"href":"https:\/\/capsexpress.com.br\/blog\/wp-json\/wp\/v2\/users\/8"}],"replies":[{"embeddable":true,"href":"https:\/\/capsexpress.com.br\/blog\/wp-json\/wp\/v2\/comments?post=5465"}],"version-history":[{"count":4,"href":"https:\/\/capsexpress.com.br\/blog\/wp-json\/wp\/v2\/pages\/5465\/revisions"}],"predecessor-version":[{"id":5475,"href":"https:\/\/capsexpress.com.br\/blog\/wp-json\/wp\/v2\/pages\/5465\/revisions\/5475"}],"wp:attachment":[{"href":"https:\/\/capsexpress.com.br\/blog\/wp-json\/wp\/v2\/media?parent=5465"}],"curies":[{"name":"wp","href":"https:\/\/api.w.org\/{rel}","templated":true}]}}